t of g?
3
Suppose 3*y = 402 - 72. What is the units digit of y?
0
Let q(k) = 5 - k + k**3 + 0*k + 2*k**2 - 3*k**2 - 1. Let u be q(0). Suppose u*a - 16 = 3*a. What is the tens digit of a?
1
Let l(x) be the second derivative of -x**5/20 + x**4/2 - x**3/2 - 3*x**2/2 + 3*x. What is the units digit of l(4)?
7
Let m be ((-10)/(-4))/((-2)/(-148)). Suppose -m = -4*j - 57. Suppose 0 = -0*h + 4*h - j. What is the units digit of h?
8
Let l(f) = -f**3 + 6*f**2 + 6*f + 2. What is the tens digit of l(6)?
3
Suppose 7*q = 11*q + 16. What is the units digit of 8 - (3 + -6 - q)?
7
What is the tens digit of 249 - (4 + -9 + 8)?
4
Let c(j) = -j**3 - 3*j**2 + 6*j - 2. Suppose f - 3*f - 10 = 0. Let s be c(f). Suppose -s = -y - y + t, -t = 4*y - 36. What is the units digit of y?
9
Let x(u) = u + 12. What is the units digit of x(-9)?
3
Suppose 5*f - 4*f = 206. What is the tens digit of f?
0
What is the units digit of 916/14 + 30/(-70)?
5
Let l(k) = 2*k - 3. Let i be l(4). Suppose -i*y - 8 + 128 = 0. What is the tens digit of y?
2
Let z(u) = 2 + 8 + 0*u + u. What is the units digit of z(-7)?
3
Suppose 5*v - 6*v - 1 = a, -2*v - 3 = a. What is the units digit of (-3)/((-6)/20) - v?
2
Let s(g) = g**3 + 2*g**2 + 2*g - 2. Let q be s(-2). Let m = q + 4. Let b = 6 - m. What is the units digit of b?
8
Let v(z) = 11 + 2*z**3 - 13*z - 6*z**2 + 1 - z**3. What is the units digit of v(8)?
6
Let b(c) be the third derivative of c**6/24 + c**5/30 - c**4/8 + 5*c**3/6 - 8*c**2. What is the tens digit of b(2)?
4
Let l = -10 - -27. Suppose x + 27 + 34 = 3*o, o - l = x. What is the tens digit of o?
2
Let f = -7 + 4. Let t(v) = -v**2 - 4*v. What is the units digit of t(f)?
3
Let w = 114 - 74. What is the units digit of w?
0
Let t be (0/3)/(-1) + 0. Suppose 4*m - 9*m + 10 = t. Suppose m*h - 15 = h. What is the units digit of h?
5
Let r = 34 + 4. What is the tens digit of r?
3
Suppose 2*x + 4*z - 4 = 0, -x - 4*z = -3*x + 28. What is the units digit of x?
8
What is the hundreds digit of 0 - ((-24)/(-4))/3 - -130?
1
Suppose 0*l + 2*l + 4 = 0. Let v(i) = -3*i**3 - 3*i**2 + 3. What is the units digit of v(l)?
5
Let m = -71 + 95. What is the tens digit of m?
2
Let x(j) = j + 21. Let r be x(-9). Let t(l) = -l**3 + 12*l**2 + 11. What is the tens digit of t(r)?
1
Let m be (-3)/((-6)/(-7))*-2. Let a(n) be the second derivative of n**4/12 - n**3 + 4*n. What is the units digit of a(m)?
7
Let x = 20 - -1. Suppose -2*i + 5*a = -x, -4 = -3*i + 6*a - 4*a. What is the units digit of (-92)/(-16) - i/8?
6
Suppose -152 = -2*i - 0*t - 5*t, 3*i - 194 = t. What is the tens digit of i?
6
Let d(v) = 9*v. Let i be d(5). Suppose -3*r + 2*r + 9 = 5*w, -4*w = -5*r + i. What is the units digit of r?
9
What is the units digit of 113 + (-1)/((-5)/5)?
4
Suppose 520 = 6*r - r. What is the hundreds digit of r?
1
Let y(h) = -2*h**3 - 4*h**2 - 12*h - 17. What is the hundreds digit of y(-5)?
1
Suppose 3*v - 5*h - 15 = 0, -3*v - h + 2*h + 3 = 0. Let c = 5 - v. Let z = 12 - c. What is the units digit of z?
7
Suppose -5*c + 16 = -9. Suppose 2*s = 1 + c. Suppose -2*a = -5*a + s. What is the units digit of a?
1
Suppose 2*f + 10 = 4*p - 3*f, -5*p + 23 = -f. Let s(h) = -h**2 + 4*h + 7. What is the units digit of s(p)?
2
Suppose 915 = -21*l + 26*l. What is the tens digit of l?
8
Let u = -8 + 42. Suppose -12 = -2*w + u. Suppose -q + 2*s = -0*s - w, -3*q + 65 = -4*s. What is the tens digit of q?
1
Let p be 1/(-7) - 15/(-7). Suppose p*j = 40 - 10. What is the units digit of j?
5
What is the tens digit of ((-55)/(-2))/(12/24)?
5
Suppose 9*m = 2*m + 35. Let a(n) = -3*n + 4. Let t be a(-3). What is the units digit of t + -1*(-3 + m)?
1
Suppose 52 + 28 = 5*t. Let j be -1 - (-2 - (0 - -23)). Suppose j = 4*s - t. What is the tens digit of s?
1
Suppose 9*f = 4*f + 5*b - 250, 4*f = 5*b - 203. Let q = f + 71. What is the tens digit of q?
2
Suppose 2*i - v = -3*i + 22, 0 = 3*i + v - 18. Suppose -i - 15 = 2*q. What is the units digit of 38/4 - (-5)/q?
9
Let h(g) = g**3 + 2*g**2 - 4*g + 1. Suppose 2*w = -4 - 2. Let j be h(w). Let v = 5 - j. What is the units digit of v?
1
Let b(n) = n - 1. Let u be b(2). Let g(w) = 6*w**3 + 2*w - 1. What is the units digit of g(u)?
7
Suppose 0 = -3*v - 2*a - 14, -3*a - 20 = 4*v - 0*v. Let k be 2 + v + -2 - 0. What is the units digit of k + 3 + 2 + -2?
1
Let l(z) = -z**2 + 6*z. Let w(a) = a**3 - 3*a + 1. Let t be w(2). Suppose 4*b - 4*m - 8 = 0, -7 - 7 = -t*b - 5*m. What is the units digit of l(b)?
9
What is the tens digit of (-556)/(-12) - 6/(-9)?
4
Let j(p) = 3*p + 5. Let t = -19 + 26. What is the units digit of j(t)?
6
Suppose 0 = -3*m + 5*i - 3*i + 13, 28 = 3*m - 5*i. Let x(q) = 2*q + 1. Let u be x(m). What is the units digit of u - 3/(3/2)?
1
Let i(w) = -3*w**2 - 2 + 1 - 2*w + 18*w**2. What is the tens digit of i(-1)?
1
Let l(y) = y**3 - 8*y**2 + 10*y + 1. What is the tens digit of l(8)?
8
Let x = 335 + -183. What is the units digit of x?
2
Let c(t) = -10*t**3 + 3 + 9*t**3 - 7*t**2 - 5*t - 3*t**2. Let q be c(-9). Let b = 46 + q. What is the units digit of b?
3
Let s = -58 - -157. What is the units digit of s?
9
Let u be (4/5)/((-4)/30). Let z = 18 + u. What is the units digit of z?
2
Let v(x) = -x**3 + 7*x**2 + x + 1. Let p be (-2 - 1/1)*-1. Suppose 12 + 9 = p*i. What is the units digit of v(i)?
8
Let s(z) = 29*z + 2. Let a be s(2). Suppose 4*i - 17 = 3. Suppose 5*u + 63 = 5*h + 3*u, -i*h + a = -5*u. What is the tens digit of h?
1
Let d = 95 - -141. What is the tens digit of d?
3
Let k(c) = -c - 6. Let w be k(-4). Let q = 3 + w. Let h = q - -4. What is the units digit of h?
5
Let k be -4 + (-2)/4*2. Let n = -2 - k. Suppose -n*v = -7*v + 40. What is the tens digit of v?
1
Suppose -t + 115 = 4*t. Suppose -5*x + 7 + t = 0. What is the units digit of x?
6
What is the units digit of 1000/(-150)*(348/(-10) + 0)?
2
Let u = -4 - -4. Suppose -4*r + 9*r - 25 = u. What is the units digit of r?
5
Let q be (-16)/7 - (-2)/7. What is the units digit of (q/(-4))/(7/14)?
1
Suppose -110 = -4*x + 26. What is the tens digit of x?
3
Suppose -3*q + 2 = -4. Suppose -4 = -0*m - m. Suppose 22 - q = m*k. What is the units digit of k?
5
Let k(f) = 4*f**2 - 11*f - 14. What is the units digit of k(-6)?
6
Let n be (27/(-12))/(1/4). Let o = -5 - n. What is the units digit of (3 - 1) + o + 0?
6
Let i(x) = -x**2 + 5*x - 4. Let y be i(3). Suppose -y*z = z - 27. What is the units digit of z?
9
Suppose -26 - 20 = -o. What is the tens digit of o?
4
Suppose -3*p + 78 + 297 = 0. What is the units digit of p?
5
Let i(p) = p + 4. Suppose -6 = -3*x + 3*v + 3, 2*x - 3*v - 6 = 0. Suppose -x*g - 2*g + 15 = -5*y, -3*g - 11 = y. What is the units digit of i(g)?
2
What is the hundreds digit of (27*-13)/((-2)/(-6)*-3)?
3
Let t be 12/8*8/(-2). Let i(c) = 6*c + 5 - 3*c - 5*c. What is the units digit of i(t)?
7
Let j(p) = -7*p**2 - 3*p**3 + 2*p**3 + 21 + 22*p**2 - 14*p. What is the tens digit of j(14)?
2
Suppose 2*u + 2*a - 88 = -30, 3*a - 6 = 0. What is the units digit of u?
7
Let l = 15 - 5. Let b = 7 + l. Suppose b = 3*k - 1. What is the units digit of k?
6
Let x be (3 - 6) + (-2)/(-2). What is the units digit of (2/3)/(x/(-78))?
6
Suppose 0 = -7*c + 6*c + 99. What is the tens digit of c?
9
Suppose 72 = 5*y - 0*y - g, 4*y - 2*g - 54 = 0. Let q = 35 - y. What is the units digit of q?
0
Suppose 0 = -t + 3*h - 12, -4*h + 18 - 2 = -4*t. Suppose v - 2*j + t*j = 12, 3*v - 25 = -5*j. What is the tens digit of v?
1
Let q = 75 + 81. What is the tens digit of q?
5
Suppose 0*y + 5*y - 15 = 0. Suppose y*v = 2*r + 7, 0*r = 2*v - 2*r - 2. Suppose l = -5*a + 2*l + 32, v*l = -3*a + 8. What is the units digit of a?
6
Let x(l) = 7*l - 6 + 4*l**2 - l - 3*l**2. Let t be x(-7). Let y = t + 9. What is the tens digit of y?
1
Let d(s) = -s**2 + s + 20. Suppose -3*k = -0*k. Let o be d(k). Suppose -6*g + o = -2*g. What is the units digit of g?
5
Suppose 0 = l + 4*h - 72, 0 = 4*l - 0*h + h - 303. Suppose 268 - l = 6*k. What is the units digit of k?
2
Let j = 43 + -27. Let d = j + -9. What is the units digit of d?
7
Suppose -9*k = -4*k - 650. What is the tens digit of k?
3
Let c(i) = i**2 + 3*i. Let u be c(-4). Suppose -2*g = -u*h + 62, -4*g - 34 = -0*h - 2*h. What is the units digit of h?
5
What is the units digit of -2*1/4*(-3002)/19?
9
Let c = 13 - 2. What is the units digit of c/3